{"id":5939,"date":"2015-01-30T23:47:36","date_gmt":"2015-01-31T05:47:36","guid":{"rendered":"https:\/\/barradecomercio.org\/?page_id=5939"},"modified":"2021-06-02T00:02:00","modified_gmt":"2021-06-02T06:02:00","slug":"acuerdo-de-complementacion-economica-no-55-entre-mexico-y-el-mercado-comun-del-sur-mercosur","status":"publish","type":"page","link":"https:\/\/barradecomercio.org\/?page_id=5939","title":{"rendered":"Acuerdo de Complementaci\u00f3n Econ\u00f3mica No 55 entre M\u00e9xico y el Mercado Com\u00fan del Sur (MERCOSUR)"},"content":{"rendered":"<p><strong><span style=\"color: #008080;\"><img data-recalc-dims=\"1\" loading=\"lazy\" decoding=\"async\" class=\"alignleft wp-image-5940\" src=\"https:\/\/i0.wp.com\/barradecomercio.org\/wp-content\/uploads\/2015\/01\/480_kockas_zaszlo_bolko.jpg?resize=129%2C86&#038;ssl=1\" alt=\"480_kockas_zaszlo_bolko\" width=\"129\" height=\"86\" \/>Acuerdo de Complementaci\u00f3n Econ\u00f3mica N<sup>o<\/sup> 55 entre M\u00e9xico y el Mercado Com\u00fan del Sur (MERCOSUR)<\/span><\/strong><\/p>\n<p><strong><span style=\"color: #808080;\">M\u00e9xico y \u00a0MERCOSUR<\/span><\/strong><\/p>\n<hr \/>\n<p class=\"Estilo43\" style=\"text-align: left;\" align=\"center\"><style type=\"text\/css\">\r\n       .errordiv { padding:10px; margin:10px; border: 1px solid #555555;color: #000000;background-color: #f8f8f8; width:500px; }#bnce {visibility:visible;opacity:1;vertical-align:top;}.ai-info-bottom-iframe { position: fixed; z-index: 10000; bottom:0; left: 0; margin: 0px; text-align: center; width: 100%; background-color: #ff9999; padding-left: 5px;padding-bottom: 5px; border-top: 1px solid #aaa } a.ai-bold {font-weight: bold;}#ai-layer-div-bnce p {height:100%;margin:0;padding:0}<\/style><script type=\"text\/javascript\">var ai_iframe_width_bnce = 0;var ai_iframe_height_bnce = 0;function aiReceiveMessagebnce(event) {  aiProcessMessage(event,\"bnce\", \"true\");}if (window.addEventListener) {  window.addEventListener(\"message\", aiReceiveMessagebnce);} else if (el.attachEvent)  {  el.attachEvent(\"message\", aiReceiveMessagebnce);}var aiIsIe8=false;var aiOnloadScrollTop=\"true\";var aiShowDebug=false;\r\n\t\tif (typeof aiReadyCallbacks === 'undefined') {\r\n\t\t\tvar aiReadyCallbacks = [];  \r\n\t\t} else if (!(aiReadyCallbacks instanceof Array)) {\r\n\t\t\tvar aiReadyCallbacks = [];\r\n\t\t}    function aiShowIframeId(id_iframe) { jQuery(\"#\"+id_iframe).css(\"visibility\", \"visible\");    }    function aiResizeIframeHeight(height) { aiResizeIframeHeight(height,bnce); }    function aiResizeIframeHeightId(height,width,id) {aiResizeIframeHeightById(id,height);}<\/script>Http iframes are not shown in https pages in many major browsers. Please read <a href=\"\/\/www.tinywebgallery.com\/blog\/iframe-do-not-mix-http-and-https\" target=\"_blank\">this post<\/a> for details.<iframe id=\"bnce\"  name=\"bnce\"  src=\"http:\/\/www.sice.oas.org\/Trade\/MERCOSURMexACE55\/MERMexAuto_s.asp\"  width=\"990\"  height=\"30000\"  frameborder=\"0\"  allowtransparency=\"true\"  loading=\"lazy\"  style=\";width:990px;height:30000px;\" ><\/iframe><script type=\"text\/javascript\">var ifrm_bnce = document.getElementById(\"bnce\");var hiddenTabsDonebnce = false;\r\nfunction resizeCallbackbnce() {}<\/script><script type=\"text\/javascript\"><\/script><\/p>\n<h3><span style=\"color: #008080;\">Te pude interesar<\/span><\/h3>\n<div id=\"mtphr-dnt-2461\" class=\"mtphr-dnt mtphr-dnt-2461 mtphr-dnt-posts mtphr-dnt-list\"><div class=\"mtphr-dnt-wrapper mtphr-dnt-clearfix\"><div class=\"mtphr-dnt-tick-container\"><div class=\"mtphr-dnt-tick-contents\"><div class=\"mtphr-dnt-tick mtphr-dnt-posts-tick mtphr-dnt-clearfix \"><table class=\"mtphr-dnt-grid\"><tr class=\"mtphr-dnt-grid-row mtphr-dnt-grid-row-1\"><td class=\"mtphr-dnt-grid-item mtphr-dnt-grid-item-1 mtphr-dnt-grid-item-posts\" style=\"width:33.333333333333%;padding:5px;\"><div class=\"mtphr-dnt-post mtphr-dnt-post-13093 mtphr-dnt-post-type-post mtphr-dnt-post-category-barradecomercio-2 mtphr-dnt-post-category-finanzas mtphr-dnt-post-category-fiscal mtphr-dnt-post-category-impuestos mtphr-dnt-post-category-industria-2 mtphr-dnt-post-category-internacional-2 mtphr-dnt-post-category-juridico mtphr-dnt-post-category-legislacion-2 mtphr-dnt-post-category-logistica-2 mtphr-dnt-post-category-noticomext mtphr-dnt-post-category-regulaciones mtphr-dnt-post-category-tramites-2 mtphr-dnt-post-category-tratados-2 mtphr-dnt-post-post_tag-64 mtphr-dnt-post-post_tag-65 mtphr-dnt-post-post_tag-aduana mtphr-dnt-post-post_tag-agente mtphr-dnt-post-post_tag-cancelacion mtphr-dnt-post-post_tag-factura mtphr-dnt-post-post_tag-immex mtphr-dnt-post-post_tag-incoterms-2 mtphr-dnt-post-post_tag-incrementables mtphr-dnt-post-post_tag-manifestacion mtphr-dnt-post-post_tag-multa mtphr-dnt-post-post_tag-orden mtphr-dnt-post-post_tag-pago mtphr-dnt-post-post_tag-precio mtphr-dnt-post-post_tag-trazabilidad mtphr-dnt-post-post_tag-valor mtphr-dnt-post-post_tag-valoracio\"><h4 class=\"mtphr-dnt-posts-title\"><a href=\"https:\/\/barradecomercio.org\/?p=13093\">Metodolog\u00eda para verificaci\u00f3n del valor de transacci\u00f3n y trazabilidad<\/a><\/h4><a class=\"mtphr-dnt-posts-thumb\" href=\"https:\/\/barradecomercio.org\/?p=13093\"><img loading=\"lazy\" decoding=\"async\" width=\"300\" height=\"170\" src=\"https:\/\/i0.wp.com\/barradecomercio.org\/wp-content\/uploads\/2026\/04\/M_2026_trazabilidad_valoracion.jpg?fit=300%2C170&amp;ssl=1\" class=\"attachment-medium size-medium wp-post-image\" alt=\"\" srcset=\"https:\/\/i0.wp.com\/barradecomercio.org\/wp-content\/uploads\/2026\/04\/M_2026_trazabilidad_valoracion.jpg?w=460&amp;ssl=1 460w, https:\/\/i0.wp.com\/barradecomercio.org\/wp-content\/uploads\/2026\/04\/M_2026_trazabilidad_valoracion.jpg?resize=300%2C170&amp;ssl=1 300w\" sizes=\"auto, (max-width: 300px) 100vw, 300px\" \/><\/a><\/div><\/td><td class=\"mtphr-dnt-grid-item mtphr-dnt-grid-item-2 mtphr-dnt-grid-item-posts\" style=\"width:33.333333333333%;padding:5px;\"><div class=\"mtphr-dnt-post mtphr-dnt-post-13071 mtphr-dnt-post-type-post mtphr-dnt-post-category-finanzas mtphr-dnt-post-category-impuestos mtphr-dnt-post-category-industria-2 mtphr-dnt-post-category-internacional-2 mtphr-dnt-post-category-noticomext mtphr-dnt-post-category-regulaciones mtphr-dnt-post-category-tratados-2 mtphr-dnt-post-post_tag-can mtphr-dnt-post-post_tag-certificado mtphr-dnt-post-post_tag-eeuu mtphr-dnt-post-post_tag-mex mtphr-dnt-post-post_tag-negociacion mtphr-dnt-post-post_tag-negocios mtphr-dnt-post-post_tag-origen mtphr-dnt-post-post_tag-reglas mtphr-dnt-post-post_tag-tmec mtphr-dnt-post-post_tag-transbordo mtphr-dnt-post-post_tag-tratado mtphr-dnt-post-post_tag-usa\"><h4 class=\"mtphr-dnt-posts-title\"><a href=\"https:\/\/barradecomercio.org\/?p=13071\">EEUU considera \u2018mal negocio\u2019 el T-MEC y anticipa exigencias a M\u00e9xico en la revisi\u00f3n del acuerdo<\/a><\/h4><a class=\"mtphr-dnt-posts-thumb\" href=\"https:\/\/barradecomercio.org\/?p=13071\"><img loading=\"lazy\" decoding=\"async\" width=\"300\" height=\"170\" src=\"https:\/\/i0.wp.com\/barradecomercio.org\/wp-content\/uploads\/2026\/04\/M_2026_tmec.jpg?fit=300%2C170&amp;ssl=1\" class=\"attachment-medium size-medium wp-post-image\" alt=\"\" srcset=\"https:\/\/i0.wp.com\/barradecomercio.org\/wp-content\/uploads\/2026\/04\/M_2026_tmec.jpg?w=460&amp;ssl=1 460w, https:\/\/i0.wp.com\/barradecomercio.org\/wp-content\/uploads\/2026\/04\/M_2026_tmec.jpg?resize=300%2C170&amp;ssl=1 300w\" sizes=\"auto, (max-width: 300px) 100vw, 300px\" \/><\/a><\/div><\/td><td class=\"mtphr-dnt-grid-item mtphr-dnt-grid-item-3 mtphr-dnt-grid-item-posts\" style=\"width:33.333333333333%;padding:5px;\"><div class=\"mtphr-dnt-post mtphr-dnt-post-12903 mtphr-dnt-post-type-post mtphr-dnt-post-category-internacional-2 mtphr-dnt-post-category-legislacion-2 mtphr-dnt-post-category-tratados-2 mtphr-dnt-post-post_tag-caflt mtphr-dnt-post-post_tag-migrantes mtphr-dnt-post-post_tag-mrr mtphr-dnt-post-post_tag-organizaciones mtphr-dnt-post-post_tag-t-mec mtphr-dnt-post-post_tag-trabajo\"><h4 class=\"mtphr-dnt-posts-title\"><a href=\"https:\/\/barradecomercio.org\/?p=12903\">Organizaciones exigen blindar el T-MEC contra explotaci\u00f3n y trabajo forzoso<\/a><\/h4><a class=\"mtphr-dnt-posts-thumb\" href=\"https:\/\/barradecomercio.org\/?p=12903\"><img loading=\"lazy\" decoding=\"async\" width=\"300\" height=\"170\" src=\"https:\/\/i0.wp.com\/barradecomercio.org\/wp-content\/uploads\/2025\/11\/M_2025_trabajo_forzoso_tmec.jpg?fit=300%2C170&amp;ssl=1\" class=\"attachment-medium size-medium wp-post-image\" alt=\"\" srcset=\"https:\/\/i0.wp.com\/barradecomercio.org\/wp-content\/uploads\/2025\/11\/M_2025_trabajo_forzoso_tmec.jpg?w=460&amp;ssl=1 460w, https:\/\/i0.wp.com\/barradecomercio.org\/wp-content\/uploads\/2025\/11\/M_2025_trabajo_forzoso_tmec.jpg?resize=300%2C170&amp;ssl=1 300w\" sizes=\"auto, (max-width: 300px) 100vw, 300px\" \/><\/a><\/div><\/td><\/tr><\/table><\/div><\/div><\/div><div class=\"mtphr-dnt-tick-paging\" style=\"margin-top:40px;\"><\/div><\/div><\/div>\n<div>\n<div style=\"text-align: justify;\">Atentamente,<\/div>\n<div style=\"text-align: justify;\"><\/div>\n<div style=\"text-align: justify;\">Barra Nacional de Comercio Exterior<\/div>\n<h5>www.barradecomercio.org<\/h5>\n<p>&nbsp;<\/p>\n<div align=\"justify\">\n<dl>\n<dt>\n<dl>\n<dt>\n<dl>\n<dt>\n<h2 style=\"text-align: left;\"><span style=\"color: #008080;\">Asesor\u00ed\u00ada adicional<\/span><\/h2>\n<\/dt>\n<\/dl>\n<ul>\n<li style=\"text-align: left;\">Tel\u00e9fono: 55 45 98 86 56<\/li>\n<li style=\"text-align: left;\">Email: informes@barradecomercio.org.mx<\/li>\n<li style=\"text-align: left;\">WhatsApp: \u00a0 <a href=\"https:\/\/api.whatsapp.com\/send?phone=525545988656&amp;text=Quiero%20informaci\u00f3n%20sobre...\">+52 55 45 98 86 56<\/a><\/li>\n<\/ul>\n<p><a href=\"https:\/\/api.whatsapp.com\/send?phone=525545988656&amp;text=Quiero%20informaci\u00f3n%20sobre...\" target=\"_blank\" rel=\"noopener\"><img data-recalc-dims=\"1\" loading=\"lazy\" decoding=\"async\" class=\"aligncenter wp-image-8391\" src=\"https:\/\/i0.wp.com\/barradecomercio.org\/wp-content\/uploads\/2018\/06\/logo.whatss.png?resize=47%2C47&#038;ssl=1\" alt=\"\" width=\"47\" height=\"47\" \/><\/a><\/p>\n<div>\n<p style=\"text-align: center;\"><span style=\"font-size: 16px;\"><b>Solicitar cotizaci\u00f3n.<\/b><\/span><\/p>\n<\/div>\n<p>&nbsp;<\/p>\n<dl>\n<dt>\n<h2><span style=\"color: #008080;\">Te puede interesar<\/span><\/h2>\n<p><div id=\"mtphr-dnt-9449\" class=\"mtphr-dnt mtphr-dnt-9449 mtphr-dnt-posts mtphr-dnt-rotate mtphr-dnt-rotate-fade\"><div class=\"mtphr-dnt-wrapper mtphr-dnt-clearfix\"><div class=\"mtphr-dnt-tick-container\"><div class=\"mtphr-dnt-tick-contents\"><div class=\"mtphr-dnt-tick mtphr-dnt-posts-tick mtphr-dnt-clearfix \"><table class=\"mtphr-dnt-grid\"><tr class=\"mtphr-dnt-grid-row mtphr-dnt-grid-row-1\"><td class=\"mtphr-dnt-grid-item mtphr-dnt-grid-item-1 mtphr-dnt-grid-item-posts\" style=\"width:100%;\"><div class=\"mtphr-dnt-post mtphr-dnt-post-13089 mtphr-dnt-post-type-post mtphr-dnt-post-category-barradecomercio-2 mtphr-dnt-post-category-cursos mtphr-dnt-post-category-fiscal mtphr-dnt-post-category-industria-2 mtphr-dnt-post-category-logistica-2 mtphr-dnt-post-category-noticomext mtphr-dnt-post-category-regulaciones mtphr-dnt-post-category-servicios mtphr-dnt-post-category-tramites-2 mtphr-dnt-post-post_tag-abril mtphr-dnt-post-post_tag-anual mtphr-dnt-post-post_tag-cancelacion mtphr-dnt-post-post_tag-comercio mtphr-dnt-post-post_tag-ecex mtphr-dnt-post-post_tag-exterior mtphr-dnt-post-post_tag-immex mtphr-dnt-post-post_tag-mayo mtphr-dnt-post-post_tag-obligacion mtphr-dnt-post-post_tag-opraciones mtphr-dnt-post-post_tag-prosec mtphr-dnt-post-post_tag-raoce mtphr-dnt-post-post_tag-reporte mtphr-dnt-post-post_tag-secon\"><h4 class=\"mtphr-dnt-posts-title\"><a href=\"https:\/\/barradecomercio.org\/?p=13089\">Fecha l\u00edmite para presentaci\u00f3n de Reporte Anual de Operaciones de Comercio Exterior (RAOCE)<\/a><\/h4><a class=\"mtphr-dnt-posts-thumb\" href=\"https:\/\/barradecomercio.org\/?p=13089\"><img loading=\"lazy\" decoding=\"async\" width=\"150\" height=\"150\" src=\"https:\/\/i0.wp.com\/barradecomercio.org\/wp-content\/uploads\/2026\/04\/M_2026_RAOCE.jpg?resize=150%2C150&amp;ssl=1\" class=\"attachment-thumbnail size-thumbnail wp-post-image\" alt=\"\" srcset=\"https:\/\/i0.wp.com\/barradecomercio.org\/wp-content\/uploads\/2026\/04\/M_2026_RAOCE.jpg?resize=150%2C150&amp;ssl=1 150w, https:\/\/i0.wp.com\/barradecomercio.org\/wp-content\/uploads\/2026\/04\/M_2026_RAOCE.jpg?zoom=2&amp;resize=150%2C150&amp;ssl=1 300w, https:\/\/i0.wp.com\/barradecomercio.org\/wp-content\/uploads\/2026\/04\/M_2026_RAOCE.jpg?zoom=3&amp;resize=150%2C150&amp;ssl=1 450w\" sizes=\"auto, (max-width: 150px) 100vw, 150px\" \/><\/a><\/div><\/td><\/tr><\/table><\/div><div class=\"mtphr-dnt-tick mtphr-dnt-posts-tick mtphr-dnt-clearfix \"><table class=\"mtphr-dnt-grid\"><tr class=\"mtphr-dnt-grid-row mtphr-dnt-grid-row-1\"><td class=\"mtphr-dnt-grid-item mtphr-dnt-grid-item-1 mtphr-dnt-grid-item-posts\" style=\"width:100%;\"><div class=\"mtphr-dnt-post mtphr-dnt-post-9473 mtphr-dnt-post-type-post mtphr-dnt-post-category-cursos mtphr-dnt-post-post_tag-actualizacion mtphr-dnt-post-post_tag-aduanas mtphr-dnt-post-post_tag-arancel mtphr-dnt-post-post_tag-bl mtphr-dnt-post-post_tag-cfdi mtphr-dnt-post-post_tag-entrega mtphr-dnt-post-post_tag-extrajero mtphr-dnt-post-post_tag-factura mtphr-dnt-post-post_tag-facturacion mtphr-dnt-post-post_tag-impuestos mtphr-dnt-post-post_tag-incoterm mtphr-dnt-post-post_tag-internacional mtphr-dnt-post-post_tag-iva mtphr-dnt-post-post_tag-nacional mtphr-dnt-post-post_tag-principal mtphr-dnt-post-post_tag-timbrad\"><h4 class=\"mtphr-dnt-posts-title\"><a href=\"https:\/\/barradecomercio.org\/?p=9473\">Curso de aplicaci\u00f3n del IVA en Comercio Exterior<\/a><\/h4><a class=\"mtphr-dnt-posts-thumb\" href=\"https:\/\/barradecomercio.org\/?p=9473\"><img loading=\"lazy\" decoding=\"async\" width=\"150\" height=\"150\" src=\"https:\/\/i0.wp.com\/barradecomercio.org\/wp-content\/uploads\/2024\/01\/XL_PROMO_IVA_HORIZONTAL-1.jpg?resize=150%2C150&amp;ssl=1\" class=\"attachment-thumbnail size-thumbnail wp-post-image\" alt=\"\" srcset=\"https:\/\/i0.wp.com\/barradecomercio.org\/wp-content\/uploads\/2024\/01\/XL_PROMO_IVA_HORIZONTAL-1.jpg?resize=150%2C150&amp;ssl=1 150w, https:\/\/i0.wp.com\/barradecomercio.org\/wp-content\/uploads\/2024\/01\/XL_PROMO_IVA_HORIZONTAL-1.jpg?zoom=2&amp;resize=150%2C150&amp;ssl=1 300w, https:\/\/i0.wp.com\/barradecomercio.org\/wp-content\/uploads\/2024\/01\/XL_PROMO_IVA_HORIZONTAL-1.jpg?zoom=3&amp;resize=150%2C150&amp;ssl=1 450w\" sizes=\"auto, (max-width: 150px) 100vw, 150px\" \/><\/a><\/div><\/td><\/tr><\/table><\/div><div class=\"mtphr-dnt-tick mtphr-dnt-posts-tick mtphr-dnt-clearfix \"><table class=\"mtphr-dnt-grid\"><tr class=\"mtphr-dnt-grid-row mtphr-dnt-grid-row-1\"><td class=\"mtphr-dnt-grid-item mtphr-dnt-grid-item-1 mtphr-dnt-grid-item-posts\" style=\"width:100%;\"><div class=\"mtphr-dnt-post mtphr-dnt-post-7668 mtphr-dnt-post-type-post mtphr-dnt-post-category-cursos mtphr-dnt-post-post_tag-aduanas mtphr-dnt-post-post_tag-alumnos mtphr-dnt-post-post_tag-comercio-exterior mtphr-dnt-post-post_tag-congresos mtphr-dnt-post-post_tag-convenciones-2 mtphr-dnt-post-post_tag-cursos-2 mtphr-dnt-post-post_tag-escuelas mtphr-dnt-post-post_tag-incoterms-2 mtphr-dnt-post-post_tag-manzanillo mtphr-dnt-post-post_tag-practicas mtphr-dnt-post-post_tag-principal mtphr-dnt-post-post_tag-reformas mtphr-dnt-post-post_tag-trafico mtphr-dnt-post-post_tag-viajes mtphr-dnt-post-post_tag-visitas\"><h4 class=\"mtphr-dnt-posts-title\"><a href=\"https:\/\/barradecomercio.org\/?p=7668\">Pr\u00e1cticas Aduanales Manzanillo 2026.<\/a><\/h4><a class=\"mtphr-dnt-posts-thumb\" href=\"https:\/\/barradecomercio.org\/?p=7668\"><img loading=\"lazy\" decoding=\"async\" width=\"150\" height=\"150\" src=\"https:\/\/i0.wp.com\/barradecomercio.org\/wp-content\/uploads\/2025\/08\/M_2025_manzanillo.jpg?resize=150%2C150&amp;ssl=1\" class=\"attachment-thumbnail size-thumbnail wp-post-image\" alt=\"\" srcset=\"https:\/\/i0.wp.com\/barradecomercio.org\/wp-content\/uploads\/2025\/08\/M_2025_manzanillo.jpg?resize=150%2C150&amp;ssl=1 150w, https:\/\/i0.wp.com\/barradecomercio.org\/wp-content\/uploads\/2025\/08\/M_2025_manzanillo.jpg?zoom=2&amp;resize=150%2C150&amp;ssl=1 300w, https:\/\/i0.wp.com\/barradecomercio.org\/wp-content\/uploads\/2025\/08\/M_2025_manzanillo.jpg?zoom=3&amp;resize=150%2C150&amp;ssl=1 450w\" sizes=\"auto, (max-width: 150px) 100vw, 150px\" \/><\/a><\/div><\/td><\/tr><\/table><\/div><div class=\"mtphr-dnt-tick mtphr-dnt-posts-tick mtphr-dnt-clearfix \"><table class=\"mtphr-dnt-grid\"><tr class=\"mtphr-dnt-grid-row mtphr-dnt-grid-row-1\"><td class=\"mtphr-dnt-grid-item mtphr-dnt-grid-item-1 mtphr-dnt-grid-item-posts\" style=\"width:100%;\"><div class=\"mtphr-dnt-post mtphr-dnt-post-7785 mtphr-dnt-post-type-post mtphr-dnt-post-category-cursos mtphr-dnt-post-post_tag-actualizacion mtphr-dnt-post-post_tag-aduanas mtphr-dnt-post-post_tag-aladi mtphr-dnt-post-post_tag-arancel mtphr-dnt-post-post_tag-certificados mtphr-dnt-post-post_tag-clasificacion-2 mtphr-dnt-post-post_tag-exterior mtphr-dnt-post-post_tag-israel mtphr-dnt-post-post_tag-ligie mtphr-dnt-post-post_tag-nico mtphr-dnt-post-post_tag-origen mtphr-dnt-post-post_tag-principal mtphr-dnt-post-post_tag-reglas-de-origen mtphr-dnt-post-post_tag-t-mec mtphr-dnt-post-post_tag-tlc mtphr-dnt-post-post_tag-tlc-centroamerica mtphr-dnt-post-post_tag-tlcaelc mtphr-dnt-post-post_tag-tlcan mtphr-dnt-post-post_tag-tlcue mtphr-dnt-post-post_tag-tratados mtphr-dnt-post-post_tag-triangulo-del-norte mtphr-dnt-post-post_tag-union-europea\"><h4 class=\"mtphr-dnt-posts-title\"><a href=\"https:\/\/barradecomercio.org\/?p=7785\">Tratados de Libre Comercio y Certificados de Origen<\/a><\/h4><a class=\"mtphr-dnt-posts-thumb\" href=\"https:\/\/barradecomercio.org\/?p=7785\"><img loading=\"lazy\" decoding=\"async\" width=\"150\" height=\"150\" src=\"https:\/\/i0.wp.com\/barradecomercio.org\/wp-content\/uploads\/2024\/01\/XL_PROMO_TLC_vertical.jpg?resize=150%2C150&amp;ssl=1\" class=\"attachment-thumbnail size-thumbnail wp-post-image\" alt=\"\" srcset=\"https:\/\/i0.wp.com\/barradecomercio.org\/wp-content\/uploads\/2024\/01\/XL_PROMO_TLC_vertical.jpg?resize=150%2C150&amp;ssl=1 150w, https:\/\/i0.wp.com\/barradecomercio.org\/wp-content\/uploads\/2024\/01\/XL_PROMO_TLC_vertical.jpg?zoom=2&amp;resize=150%2C150&amp;ssl=1 300w, https:\/\/i0.wp.com\/barradecomercio.org\/wp-content\/uploads\/2024\/01\/XL_PROMO_TLC_vertical.jpg?zoom=3&amp;resize=150%2C150&amp;ssl=1 450w\" sizes=\"auto, (max-width: 150px) 100vw, 150px\" \/><\/a><\/div><\/td><\/tr><\/table><\/div><div class=\"mtphr-dnt-tick mtphr-dnt-posts-tick mtphr-dnt-clearfix \"><table class=\"mtphr-dnt-grid\"><tr class=\"mtphr-dnt-grid-row mtphr-dnt-grid-row-1\"><td class=\"mtphr-dnt-grid-item mtphr-dnt-grid-item-1 mtphr-dnt-grid-item-posts\" style=\"width:100%;\"><div class=\"mtphr-dnt-post mtphr-dnt-post-9465 mtphr-dnt-post-type-post mtphr-dnt-post-category-cursos mtphr-dnt-post-post_tag-actualizacion mtphr-dnt-post-post_tag-aduanas mtphr-dnt-post-post_tag-arancel mtphr-dnt-post-post_tag-armonizado mtphr-dnt-post-post_tag-auditoria mtphr-dnt-post-post_tag-clasificacion-2 mtphr-dnt-post-post_tag-comercio mtphr-dnt-post-post_tag-exterior mtphr-dnt-post-post_tag-impuestos mtphr-dnt-post-post_tag-ligie mtphr-dnt-post-post_tag-oma mtphr-dnt-post-post_tag-principal mtphr-dnt-post-post_tag-reglas mtphr-dnt-post-post_tag-tarifa mtphr-dnt-post-post_tag-tigi\"><h4 class=\"mtphr-dnt-posts-title\"><a href=\"https:\/\/barradecomercio.org\/?p=9465\">Valoraci\u00f3n e Incrementables<\/a><\/h4><a class=\"mtphr-dnt-posts-thumb\" href=\"https:\/\/barradecomercio.org\/?p=9465\"><img loading=\"lazy\" decoding=\"async\" width=\"150\" height=\"150\" src=\"https:\/\/i0.wp.com\/barradecomercio.org\/wp-content\/uploads\/2021\/06\/XL_PROMO_VALORACION.jpg?resize=150%2C150&amp;ssl=1\" class=\"attachment-thumbnail size-thumbnail wp-post-image\" alt=\"\" srcset=\"https:\/\/i0.wp.com\/barradecomercio.org\/wp-content\/uploads\/2021\/06\/XL_PROMO_VALORACION.jpg?resize=150%2C150&amp;ssl=1 150w, https:\/\/i0.wp.com\/barradecomercio.org\/wp-content\/uploads\/2021\/06\/XL_PROMO_VALORACION.jpg?zoom=2&amp;resize=150%2C150&amp;ssl=1 300w, https:\/\/i0.wp.com\/barradecomercio.org\/wp-content\/uploads\/2021\/06\/XL_PROMO_VALORACION.jpg?zoom=3&amp;resize=150%2C150&amp;ssl=1 450w\" sizes=\"auto, (max-width: 150px) 100vw, 150px\" \/><\/a><\/div><\/td><\/tr><\/table><\/div><\/div><a class=\"mtphr-dnt-nav mtphr-dnt-nav-prev mtphr-dnt-nav-hide\" href=\"#\" rel=\"nofollow\" aria-label=\"Previous\"><i class=\"mtphr-dnt-icon-arrow-left\"><\/i><\/a><a class=\"mtphr-dnt-nav mtphr-dnt-nav-next mtphr-dnt-nav-hide\" href=\"#\" rel=\"nofollow\" aria-label=\"Next\"><i class=\"mtphr-dnt-icon-arrow-right\"><\/i><\/a><\/div><\/div><\/div><\/dt>\n<\/dl>\n<\/dt>\n<\/dl>\n<\/dt>\n<\/dl>\n<\/div>\n<\/div>\n<div align=\"justify\">\n<div><\/div>\n<div><\/div>\n<\/div>\n","protected":false},"excerpt":{"rendered":"<p>Acuerdo de Complementaci\u00f3n Econ\u00f3mica No 55 entre M\u00e9xico y el Mercado Com\u00fan del Sur (MERCOSUR) M\u00e9xico y \u00a0MERCOSUR Te pude interesar Atentamente, Barra Nacional de Comercio Exterior www.barradecomercio.org &nbsp; Asesor\u00ed\u00ada adicional Tel\u00e9fono: 55 45 98 86 56 Email: informes@barradecomercio.org.mx WhatsApp: \u00a0 +52 55 45 98 86 56 Solicitar cotizaci\u00f3n. &nbsp; Te puede interesar<\/p>\n","protected":false},"author":2,"featured_media":5940,"parent":0,"menu_order":0,"comment_status":"open","ping_status":"closed","template":"","meta":{"jetpack_post_was_ever_published":false,"footnotes":""},"class_list":["post-5939","page","type-page","status-publish","has-post-thumbnail","hentry"],"jetpack-related-posts":[],"jetpack_sharing_enabled":true,"_links":{"self":[{"href":"https:\/\/barradecomercio.org\/index.php?rest_route=\/wp\/v2\/pages\/5939","targetHints":{"allow":["GET"]}}],"collection":[{"href":"https:\/\/barradecomercio.org\/index.php?rest_route=\/wp\/v2\/pages"}],"about":[{"href":"https:\/\/barradecomercio.org\/index.php?rest_route=\/wp\/v2\/types\/page"}],"author":[{"embeddable":true,"href":"https:\/\/barradecomercio.org\/index.php?rest_route=\/wp\/v2\/users\/2"}],"replies":[{"embeddable":true,"href":"https:\/\/barradecomercio.org\/index.php?rest_route=%2Fwp%2Fv2%2Fcomments&post=5939"}],"version-history":[{"count":7,"href":"https:\/\/barradecomercio.org\/index.php?rest_route=\/wp\/v2\/pages\/5939\/revisions"}],"predecessor-version":[{"id":9541,"href":"https:\/\/barradecomercio.org\/index.php?rest_route=\/wp\/v2\/pages\/5939\/revisions\/9541"}],"wp:featuredmedia":[{"embeddable":true,"href":"https:\/\/barradecomercio.org\/index.php?rest_route=\/wp\/v2\/media\/5940"}],"wp:attachment":[{"href":"https:\/\/barradecomercio.org\/index.php?rest_route=%2Fwp%2Fv2%2Fmedia&parent=5939"}],"curies":[{"name":"wp","href":"https:\/\/api.w.org\/{rel}","templated":true}]}}