{"id":10316,"date":"2021-09-22T22:47:21","date_gmt":"2021-09-23T04:47:21","guid":{"rendered":"https:\/\/barradecomercio.org\/?page_id=10316"},"modified":"2021-09-22T22:47:21","modified_gmt":"2021-09-23T04:47:21","slug":"aviso-legal","status":"publish","type":"page","link":"https:\/\/barradecomercio.org\/?page_id=10316","title":{"rendered":"Aviso legal"},"content":{"rendered":"<h2><img data-recalc-dims=\"1\" loading=\"lazy\" decoding=\"async\" class=\"aligncenter size-full wp-image-1803\" src=\"https:\/\/i0.wp.com\/barradecomercio.org\/wp-content\/uploads\/2014\/01\/logo_intl5.jpg?resize=337%2C339&#038;ssl=1\" alt=\"\" width=\"337\" height=\"339\" srcset=\"https:\/\/i0.wp.com\/barradecomercio.org\/wp-content\/uploads\/2014\/01\/logo_intl5.jpg?w=337&amp;ssl=1 337w, https:\/\/i0.wp.com\/barradecomercio.org\/wp-content\/uploads\/2014\/01\/logo_intl5.jpg?resize=150%2C150&amp;ssl=1 150w, https:\/\/i0.wp.com\/barradecomercio.org\/wp-content\/uploads\/2014\/01\/logo_intl5.jpg?resize=298%2C300&amp;ssl=1 298w, https:\/\/i0.wp.com\/barradecomercio.org\/wp-content\/uploads\/2014\/01\/logo_intl5.jpg?resize=50%2C50&amp;ssl=1 50w\" sizes=\"auto, (max-width: 337px) 100vw, 337px\" \/><\/h2>\n<h2 style=\"text-align: center;\"><span style=\"color: #008080;\">Nota legal respecto al Registro ante el REPSE de la STPS<\/span><\/h2>\n<p>&nbsp;<\/p>\n<div align=\"justify\">\n<p>Estimado cliente:<\/p>\n<p>&nbsp;<\/p>\n<p>De acuerdo a las recientes reformas en materia de subcontrataci\u00f3n laboral, as\u00ed\u00ad como a las disposiciones emitidas por parte de la <strong>Secretar\u00ed\u00ada del Trabajo y Previsi\u00f3n Social (STPS)<\/strong> para el <strong>Registro de Prestadoras de Servicios Especializados u Obras Especializadas (REPSE)<\/strong>, as\u00ed\u00ad como a los criterios emitidos por la <strong>Procuradur\u00ed\u00ada de la Defensa del Consumidor (PRODECON)<\/strong> y a la relaci\u00f3n comercial que Barra Nacional de Comercio Exterior \u00ae mantiene con sus clientes, le comunicamos lo siguiente:<\/p>\n<p>&nbsp;<\/p>\n<p>Tras un an\u00e1lisis del marco legal establecido con motivo de la reforma de subcontrataci\u00f3n, relativo a la calificaci\u00f3n de un servicio como subcontrataci\u00f3n laboral, en atenci\u00f3n al concepto de proporcionar o poner a disposici\u00f3n personal como requisito para los servicios especializados, se lleg\u00f3 a la conclusi\u00f3n de que los servicios que Barra Nacional de Comercio Exterior \u00ae presta a sus clientes deben calificarse como <strong>independientes o aut\u00f3nomos<\/strong>, y no como una subcontrataci\u00f3n de personal ni como subcontrataci\u00f3n de servicios especializados, ya que los clientes <u>no utilizan al personal de Barra Nacional de Comercio Exterior \u00ae como propio ni nuestros empleados se encuentran subordinados a nuestros clientes<\/u>, sino que nuestro servicio conlleva:<\/p>\n<ol>\n<li>Actividades y entregables espec\u00ed\u00adficos que se ejecutan de forma aut\u00f3noma;<\/li>\n<li>Regulado bajo un contrato de naturaleza mercantil;<\/li>\n<li>Provisto bajo est\u00e1ndares de calidad establecidos exclusivamente por Barra Nacional de Comercio Exterior \u00ae;<\/li>\n<li>Realizado mediante recursos y herramienta propia, bajo el criterio y experiencia de Barra Nacional de Comercio Exterior \u00ae; y<\/li>\n<li>Ejecutado con personal propio que no se encuentra bajo las \u00f3rdenes de persona alguna distinta de Barra Nacional de Comercio Exterior \u00ae y sus representantes.<\/li>\n<\/ol>\n<p>En ese sentido, concluimos que no resultan aplicables las nuevas obligaciones laborales, fiscales y de seguridad social derivadas de la reforma en materia de subcontrataci\u00f3n y por lo tanto, Barra Nacional de Comercio Exterior \u00ae \u00a0 <strong><u>no<\/u><\/strong> se encuentra obligada a inscribirse ante el REPSE, en virtud de no encontrarse bajo los supuestos que se\u00f1ala la Ley Federal del Trabajo, ni el Acuerdo emitido por la STPS, para ser sujeto de registro.<\/p>\n<\/div>\n<p>&nbsp;<\/p>\n<p>&nbsp;<\/p>\n<p>Barra Nacional de Comercio Exterior \u00ae<\/p>\n<div>\n<p>&nbsp;<\/p>\n<\/div>\n","protected":false},"excerpt":{"rendered":"<p>Nota legal respecto al Registro ante el REPSE de la STPS &nbsp; Estimado cliente: &nbsp; De acuerdo a las recientes reformas en materia de subcontrataci\u00f3n laboral, as\u00ed\u00ad como a las disposiciones emitidas por parte de la Secretar\u00ed\u00ada del Trabajo y Previsi\u00f3n Social (STPS) para el Registro de Prestadoras de Servicios Especializados u Obras Especializadas (REPSE),&hellip; <br \/> <a class=\"read-more\" href=\"https:\/\/barradecomercio.org\/?page_id=10316\">Seguir leyendo&#8230;<\/a><\/p>\n","protected":false},"author":2,"featured_media":1803,"parent":2207,"menu_order":0,"comment_status":"closed","ping_status":"closed","template":"","meta":{"jetpack_post_was_ever_published":false,"footnotes":""},"class_list":["post-10316","page","type-page","status-publish","has-post-thumbnail","hentry"],"jetpack-related-posts":[],"jetpack_sharing_enabled":true,"_links":{"self":[{"href":"https:\/\/barradecomercio.org\/index.php?rest_route=\/wp\/v2\/pages\/10316","targetHints":{"allow":["GET"]}}],"collection":[{"href":"https:\/\/barradecomercio.org\/index.php?rest_route=\/wp\/v2\/pages"}],"about":[{"href":"https:\/\/barradecomercio.org\/index.php?rest_route=\/wp\/v2\/types\/page"}],"author":[{"embeddable":true,"href":"https:\/\/barradecomercio.org\/index.php?rest_route=\/wp\/v2\/users\/2"}],"replies":[{"embeddable":true,"href":"https:\/\/barradecomercio.org\/index.php?rest_route=%2Fwp%2Fv2%2Fcomments&post=10316"}],"version-history":[{"count":1,"href":"https:\/\/barradecomercio.org\/index.php?rest_route=\/wp\/v2\/pages\/10316\/revisions"}],"predecessor-version":[{"id":10317,"href":"https:\/\/barradecomercio.org\/index.php?rest_route=\/wp\/v2\/pages\/10316\/revisions\/10317"}],"up":[{"embeddable":true,"href":"https:\/\/barradecomercio.org\/index.php?rest_route=\/wp\/v2\/pages\/2207"}],"wp:featuredmedia":[{"embeddable":true,"href":"https:\/\/barradecomercio.org\/index.php?rest_route=\/wp\/v2\/media\/1803"}],"wp:attachment":[{"href":"https:\/\/barradecomercio.org\/index.php?rest_route=%2Fwp%2Fv2%2Fmedia&parent=10316"}],"curies":[{"name":"wp","href":"https:\/\/api.w.org\/{rel}","templated":true}]}}

<h2><img data-recalc-dims="1" loading="lazy" decoding="async" class="aligncenter size-full wp-image-1803" src="https://i0.wp.com/barradecomercio.org/wp-content/uploads/2014/01/logo_intl5.jpg?resize=337%2C339&#038;ssl=1" alt="" width="337" height="339" srcset="https://i0.wp.com/barradecomercio.org/wp-content/uploads/2014/01/logo_intl5.jpg?w=337&amp;ssl=1 337w, https://i0.wp.com/barradecomercio.org/wp-content/uploads/2014/01/logo_intl5.jpg?resize=150%2C150&amp;ssl=1 150w, https://i0.wp.com/barradecomercio.org/wp-content/uploads/2014/01/logo_intl5.jpg?resize=298%2C300&amp;ssl=1 298w, https://i0.wp.com/barradecomercio.org/wp-content/uploads/2014/01/logo_intl5.jpg?resize=50%2C50&amp;ssl=1 50w" sizes="auto, (max-width: 337px) 100vw, 337px" /></h2>
<h2 style="text-align: center;"><span style="color: #008080;">Nota legal respecto al Registro ante el REPSE de la STPS</span></h2>
<p>&nbsp;</p>
<div align="justify">
<p>Estimado cliente:</p>
<p>&nbsp;</p>
<p>De acuerdo a las recientes reformas en materia de subcontratación laboral, así­ como a las disposiciones emitidas por parte de la <strong>Secretarí­a del Trabajo y Previsión Social (STPS)</strong> para el <strong>Registro de Prestadoras de Servicios Especializados u Obras Especializadas (REPSE)</strong>, así­ como a los criterios emitidos por la <strong>Procuradurí­a de la Defensa del Consumidor (PRODECON)</strong> y a la relación comercial que Barra Nacional de Comercio Exterior ® mantiene con sus clientes, le comunicamos lo siguiente:</p>
<p>&nbsp;</p>
<p>Tras un análisis del marco legal establecido con motivo de la reforma de subcontratación, relativo a la calificación de un servicio como subcontratación laboral, en atención al concepto de proporcionar o poner a disposición personal como requisito para los servicios especializados, se llegó a la conclusión de que los servicios que Barra Nacional de Comercio Exterior ® presta a sus clientes deben calificarse como <strong>independientes o autónomos</strong>, y no como una subcontratación de personal ni como subcontratación de servicios especializados, ya que los clientes <u>no utilizan al personal de Barra Nacional de Comercio Exterior ® como propio ni nuestros empleados se encuentran subordinados a nuestros clientes</u>, sino que nuestro servicio conlleva:</p>
<ol>
<li>Actividades y entregables especí­ficos que se ejecutan de forma autónoma;</li>
<li>Regulado bajo un contrato de naturaleza mercantil;</li>
<li>Provisto bajo estándares de calidad establecidos exclusivamente por Barra Nacional de Comercio Exterior ®;</li>
<li>Realizado mediante recursos y herramienta propia, bajo el criterio y experiencia de Barra Nacional de Comercio Exterior ®; y</li>
<li>Ejecutado con personal propio que no se encuentra bajo las órdenes de persona alguna distinta de Barra Nacional de Comercio Exterior ® y sus representantes.</li>
</ol>
<p>En ese sentido, concluimos que no resultan aplicables las nuevas obligaciones laborales, fiscales y de seguridad social derivadas de la reforma en materia de subcontratación y por lo tanto, Barra Nacional de Comercio Exterior ®   <strong><u>no</u></strong> se encuentra obligada a inscribirse ante el REPSE, en virtud de no encontrarse bajo los supuestos que señala la Ley Federal del Trabajo, ni el Acuerdo emitido por la STPS, para ser sujeto de registro.</p>
</div>
<p>&nbsp;</p>
<p>&nbsp;</p>
<p>Barra Nacional de Comercio Exterior ®</p>
<div>
<p>&nbsp;</p>
</div>

<p>Nota legal respecto al Registro ante el REPSE de la STPS &nbsp; Estimado cliente: &nbsp; De acuerdo a las recientes reformas en materia de subcontratación laboral, así­ como a las disposiciones emitidas por parte de la Secretarí­a del Trabajo y Previsión Social (STPS) para el Registro de Prestadoras de Servicios Especializados u Obras Especializadas (REPSE),&hellip; <br /> <a class="read-more" href="https://barradecomercio.org/?page_id=10316">Seguir leyendo&#8230;</a></p>
